{"id":1163,"date":"2020-12-14T19:10:31","date_gmt":"2020-12-14T19:10:31","guid":{"rendered":"https:\/\/www.ata-divisions.org\/AVD\/?page_id=1163"},"modified":"2021-03-26T11:21:16","modified_gmt":"2021-03-26T11:21:16","slug":"ata-61-virtual-event-2020","status":"publish","type":"page","link":"https:\/\/www.ata-divisions.org\/AVD\/avd-events-new\/ata-61-virtual-event-2020\/","title":{"rendered":"ATA 61, Virtual Event, 2020"},"content":{"rendered":"<h2>Sessions on audiovisual topics<\/h2>\n<p>&nbsp;<\/p>\n<h2>Distinguished Speaker: Carme Mangiron<\/h2>\n<p><span class=\"presenter_bio\">Carme Mangiron is a lecturer, researcher, and the director of the MA in Audiovisual Translation program at the Universitat Aut\u00f2noma de Barcelona. She has extensive experience as a translator, specializing in software and game localization. Her research interests include game localization, audiovisual translation, and accessibility to video games and the media. She has presented papers at numerous conferences, published extensively in international journals, and participated in several research projects. She is the co-author of <i>Game Localization: Translating for the Global Digital Entertainment Industry<\/i>, the first academic monograph on this topic.<\/span><\/p>\n<h3>Session: Game Localization: Models and Process (072)<\/h3>\n<p><strong>Abstract:<\/strong> Game localization is recognized as key to the global success of the multibillion-dollar game industry. In this session, the main features, priorities, and restrictions of this bourgeoning modality of translation will be described. Next, the different localization models used in the industry will be presented\u2014the in-house versus the outsourcing model, the simultaneous-shipment (sim-ship) versus the post-gold model, and the more recent crowdsourcing model\u2014outlining the main advantages and disadvantages of each and its impact on the translator. Finally, the focus will shift to the game localization process, describing the different stages, the agents involved, and the tools used.<\/p>\n<p><strong>Download the presentation <a href=\"https:\/\/www.ata-divisions.org\/AVD\/wp-content\/uploads\/2020\/12\/Mangiron_Carme_072_GLOC-models.pdf\">here<\/a>.<\/strong><\/p>\n<h3>Session: Game Localization: Quality Assurance and Technological Developments (082)<\/h3>\n<div class=\"event_description\"><strong>Abstract:<\/strong> This session will focus on two key issues for the game localization industry: quality assessment (QA) and technological developments. First, the QA process will be described, focusing on linguistic QA, which is essential to ensure the quality of the localized versions. The different stages of the QA process and the most common bug categories will be outlined. Secondly, recent technological developments that have a direct impact on game localization quality will be discussed, including the use of artificial intelligence for dubbing, the emergence of virtual reality, the challenges it poses for subtitling, and the increasing importance of machine translation.<\/div>\n<div><\/div>\n<div class=\"event_description\"><strong>Download the presentation <a href=\"https:\/\/www.ata-divisions.org\/AVD\/wp-content\/uploads\/2020\/12\/Mangiron_Carme_082_GLOC_QA_technology.pdf\">here<\/a>.<\/strong><\/div>\n<p>&nbsp;<\/p>\n<div class=\"title\" data-event=\"event_details_82016\">\n<h3><span class=\"presenter_name\">Paula Ianelli, CT<\/span><\/h3>\n<p><span class=\"presenter_bio\">Paula Ianelli, CT has a bachelor&#8217;s degree in translation and a full diploma in conference interpreting. She is an ATA-certified English&gt;Portuguese translator working from English and Spanish into Brazilian Portuguese. She is also certified by the Brazilian Association of Translators and Interpreters (ABRATES), where she has served as a director. She is a member of the Brazilian Association of Conference Interpreters. She is an experienced conference speaker. When she is not translating, she is either running her translation business or teaching conference interpreting at the Associa\u00e7\u00e3o Alumni interpreting school in Brazil.<\/span><\/p>\n<h3>Session: From the Booth to the Screen: The Magical Combination of Closed Captioning and Simultaneous Interpreting (002)<\/h3>\n<\/div>\n<div class=\"event_description\"><strong>Abstract:<\/strong> Have you ever seen your simultaneous interpreting delivery displayed in real time on a giant screen for thousands of people? Some lucky interpreters have, and they&#8217;ll tell you that it&#8217;s both tricky and fascinating. In this session, you&#8217;ll learn how this system works, what it&#8217;s recommended for, and what strategies interpreters should use to make sure their delivery comes through.<\/div>\n<p>&nbsp;<\/p>\n<h3 class=\"event_description\"><span class=\"presenter_name\">Lihit Velazquez<\/span><\/h3>\n<div><span class=\"presenter_bio\">Lihit Velazquez is a Mexican freelance translator. She has a BA in translation from the Universidad Intercontinental and a BA in English literature from the Universidad Nacional Aut\u00f3noma de M\u00e9xico. She has taught English at the School of Arts and Design at the Universidad Nacional Aut\u00f3noma de M\u00e9xico and at the Universidad Intercontinental, where she also taught courses related to the theoretical and practical aspects of translation. She has presented papers related to non-binary pronouns at translation and linguistics congresses (Mexico and Canada).<\/span><\/div>\n<h3>Session: Translating Nonbinary Characters from English into Spanish (028)<\/h3>\n<div>\n<div class=\"event_description\"><strong>Abstract:<\/strong> At first, translating pronouns from English into Spanish might not seem like a complicated task, but what if the text being translated refers to gender-ambiguous or nonbinary people? In this session, the speaker will highlight some examples taken from different novels where such a challenge must be faced and present diverse ways in which this situation can be solved. The speaker will also explore the reason why our decisions as translators mean so much for this particular topic.<\/div>\n<p>&nbsp;<\/p>\n<h3 class=\"event_description\"><span class=\"presenter_name\">Paul Filkin<\/span><\/h3>\n<\/div>\n<div><span class=\"presenter_bio\">Paul Filkin has worked with SDL since 2006. With a focus on helping SDL users get the most from their investment, he can be seen regularly on social media providing advice to anyone who needs it. He also maintains a personal blog (<i>multifarious<\/i>) addressing many of the practical issues faced by translators and translation companies when using technology for their work.<\/span><\/div>\n<h3>Session: Audiovisual Translation Using SDL Trados Studio (032)<\/h3>\n<p><strong>Abstract:<\/strong> The growth in global audiovisual content is exceeding 10% per annum and is reported to be worth more than USD 2 billion per year. Tool providers stepped up to support this demand throughout 2019. This session will teach attendees how they can use SDL Trados Studio 2019 to handle work for the audiovisual localization market.<\/p>\n<p>&nbsp;<\/p>\n<h3><span class=\"presenter_name\">Tiina Kinnunen<\/span><\/h3>\n<p><span class=\"presenter_bio\">Tiina Kinnunen is a Finnish professional audiovisual translator with over 30 years of experience. Her specializations include U.S. politics, documentaries, and project management (accessibility and translation in international projects). Her jobs range from translating a children&#8217;s movie script to subtitling the Oscar Gala. A co-author of the Translator&#8217;s Guide to the Industry, <a href=\"https:\/\/www.kaantajamestarinkirja.fi\/en\/home\">https:\/\/www.kaantajamestarinkirja.fi\/en\/home<\/a>, she believes in sharing, giving back, and spreading the word of best professional practices. She is a frequent presenter at translation conferences and a guest lecturer to translation students at universities.<\/span><\/p>\n<h3>Session: The Invisible in Audiovisual Translation (049)<\/h3>\n<div class=\"event_description\"><strong>Abstract:<\/strong> We tend to think of audiovisual translation as the subtitles or dubbing we see on the screen. But there is a lot of unseen work behind the scenes, even before a film goes into production. International co-productions and financing create much demand for the translation of synopses, treatments, and scripts. Screenings for co-financiers often require draft subtitles, and multilingual productions need the actors&#8217; lines translated. Accessibility issues also create new job opportunities for audiovisual translators. To highlight these hidden jobs, the speaker will discuss the process of an international co-production.<\/div>\n<p>&nbsp;<\/p>\n<h3 class=\"event_description\"><span class=\"presenter_name\">Dietlinde DuPlessis<\/span><\/h3>\n<div><span class=\"presenter_bio\">Dietlinde DuPlessis is an audiovisual translator working from English and Spanish into German. She has subtitled movies, television shows, documentaries, trainings, corporate marketing, and featurettes. She has a master&#8217;s degree in technical translation from the University of Hildesheim in Germany.<\/span><\/div>\n<h3>Session: Chinese Whispers: Challenges of Pivot-Language Templates in Audiovisual Translation and How to Overcome Them (062)<\/h3>\n<div>\n<div class=\"event_description\"><strong>Abstract:<\/strong> Streaming services are showing more content produced in languages other than English. Since it would be very complex to find and manage subtitle translators for every language pair, these services often resort to a pivot language approach, supplying translators with an English template derived from the original audio that they can translate into their native language without understanding the original language. The speaker will discuss some of the challenges associated with this approach and provide suggestions on how to mitigate them.<\/div>\n<p>&nbsp;<\/p>\n<h3 class=\"event_description\"><span class=\"presenter_name\">Gabriela Lemoine, CT<\/span><\/h3>\n<\/div>\n<div><span class=\"presenter_bio\">Gabriela Lemoine, CT is the chief executive officer of Hispano Language Advisory (HLA), a language company she founded in 2006. An ATA-certified English&gt;Spanish translator, she has an MBA from the Universidad Cat\u00f3lica de C\u00f3rdoba. She is the founder and first president of the Argentina Association of Language Services Companies and serves as secretary for the Association of Language Companies. She presents on business and technical topics appealing to linguists and company owners, both in her home country and abroad.<\/span><\/div>\n<h3>Session: Translation Adaptation for Dubbing (102)<\/h3>\n<p><strong>Abstract:<\/strong> There has been an increasing demand for audiovisual translation requests, but what are they used for? How do you approach a translation that is going to be used for dubbing? What is involved with dubbing and other related audiovisual services? What is the process for dubbing? What is a script? A draft translation? What is adaptation for synchronization? With some practice, and lots of video examples, attendees will leave this session knowing what to do when they receive their first audiovisual project.<\/p>\n<p>&nbsp;<\/p>\n<h3><strong><span class=\"presenter_name\">Elena Chang<\/span><\/strong><\/h3>\n<p><span class=\"presenter_bio\">Elena Chang is a Korean linguist providing translation, interpreting, voice-over, copywriting, and directing services. She is also a cultural consultant and dialect coach who is proficient in numerous South and North Korean accents. She has completed numerous film script translations for lip-sync dubbing. She also creates subtitles and provides quality control services in English and Korean. Recent contributions include <i>The Magnificent Seven<\/i>, <i>Little Women<\/i>, <i>Jumanji: The Next Level<\/i>, <i>The King&#8217;s Speech<\/i>, <i>21 Bridges<\/i>, <i>Dark Waters<\/i>, <i>Black and Blue<\/i>, <i>How to Train Your Dragon: The Hidden World<\/i>, <i>MIB: International<\/i>, <i>West Side Story<\/i>, <i>Olympus Has Fallen<\/i>, and <i>Life in a Day<\/i>.<\/span><\/p>\n<h3>Session: Translating into Hollywood: A Case Study of the Oscar-Winning Film Parasite (108)<\/h3>\n<div class=\"event_description\"><strong>Abstract:<\/strong> <em>Parasite<\/em>, by Korean writer\/director Bong Joon-ho, is the first non-English-language film to win the Best Picture Oscar. Linguistically and culturally, English and Korean share little common ground. Yet this &#8216;very Korean film,&#8217; as Bong describes it, strongly resonates with global audiences. It&#8217;s a universal saga of rich versus poor, but what makes Parasite unique? A crucial element of its success is the exceptional quality of its English subtitles, which enable the audience to surmount the dreaded &#8216;one-inch-tall barrier&#8217; and appreciate the work on its own terms. In this session, the film&#8217;s subtitling will be analyzed and potential improvements explored.<\/div>\n<div><\/div>\n<div class=\"event_description\"><strong>Download the presentation <a href=\"https:\/\/www.ata-divisions.org\/AVD\/wp-content\/uploads\/2020\/12\/Translating-into-Hollywood-Parasite_Created-by-Elena-Chang_for-AVD.pdf\">here<\/a>.<\/strong><\/div>\n<p>&nbsp;<\/p>\n<h3 class=\"event_description\"><span class=\"presenter_name\">Britta Noack<\/span><\/h3>\n<div>\n<div class=\"event_expand_details\">\n<p><span class=\"presenter_bio\">Britta Noack was born and raised in Northern Germany and studied linguistics, literature, and media in Hamburg and Osnabr\u00fcck. After receiving her MA, she discovered her love for translation and became a state-certified translator. She moved to San Diego, California, in 2002 and started working as a game localization specialist at Sony Online Entertainment. After many years, she decided to give subtitling her full attention. Her portfolio includes shows such as <i>TheMagicians<\/i>, <i>Chicago PD<\/i>, <i>Star Trek Voyager<\/i>, <i>Ray Donovan<\/i>, and movies such as <i>Shine a Light<\/i>, <i>Diary of a Lost Girl<\/i>, and many more.<\/span><\/p>\n<h3>Session: So You Want to be a Subtitler? (112)<\/h3>\n<div class=\"event_description\"><strong>Abstract:<\/strong> Working as a translator in the entertainment industry has become wildly popular in recent years, and many translators have found their passion in subtitling different forms of media. But where do you start and how do you get your foot in the door? This session will speak to all those who would like to get more insights on how to begin their career as a subtitler. Topics will include the dos and don&#8217;ts of the job, how to find clients, the software and training available, and how to land that first subtitling job.<\/div>\n<\/div>\n<\/div>\n","protected":false},"excerpt":{"rendered":"<p>Sessions on audiovisual topics &nbsp; Distinguished Speaker: Carme Mangiron Carme Mangiron is a lecturer, researcher, and the director of the MA in Audiovisual Translation program at the Universitat Aut\u00f2noma de Barcelona. She has extensive experience as a translator, specializing in software and game localization. Her research interests include game localization, audiovisual translation, and accessibility to [&hellip;]<\/p>\n","protected":false},"author":3,"featured_media":0,"parent":1223,"menu_order":0,"comment_status":"closed","ping_status":"closed","template":"","meta":{"_monsterinsights_skip_tracking":false,"_monsterinsights_sitenote_active":false,"_monsterinsights_sitenote_note":"","_monsterinsights_sitenote_category":0,"_genesis_hide_title":false,"_genesis_hide_breadcrumbs":false,"_genesis_hide_singular_image":false,"_genesis_hide_footer_widgets":false,"_genesis_custom_body_class":"","_genesis_custom_post_class":"","_genesis_layout":"","footnotes":""},"_links":{"self":[{"href":"https:\/\/www.ata-divisions.org\/AVD\/wp-json\/wp\/v2\/pages\/1163"}],"collection":[{"href":"https:\/\/www.ata-divisions.org\/AVD\/wp-json\/wp\/v2\/pages"}],"about":[{"href":"https:\/\/www.ata-divisions.org\/AVD\/wp-json\/wp\/v2\/types\/page"}],"author":[{"embeddable":true,"href":"https:\/\/www.ata-divisions.org\/AVD\/wp-json\/wp\/v2\/users\/3"}],"replies":[{"embeddable":true,"href":"https:\/\/www.ata-divisions.org\/AVD\/wp-json\/wp\/v2\/comments?post=1163"}],"version-history":[{"count":8,"href":"https:\/\/www.ata-divisions.org\/AVD\/wp-json\/wp\/v2\/pages\/1163\/revisions"}],"predecessor-version":[{"id":1172,"href":"https:\/\/www.ata-divisions.org\/AVD\/wp-json\/wp\/v2\/pages\/1163\/revisions\/1172"}],"up":[{"embeddable":true,"href":"https:\/\/www.ata-divisions.org\/AVD\/wp-json\/wp\/v2\/pages\/1223"}],"wp:attachment":[{"href":"https:\/\/www.ata-divisions.org\/AVD\/wp-json\/wp\/v2\/media?parent=1163"}],"curies":[{"name":"wp","href":"https:\/\/api.w.org\/{rel}","templated":true}]}}